Let h be d(12). Let a = h + 27. Suppose 3*p + 0*c - c = 132, a = -3*c. What is the units digit of p?
3
Let q = 584 + -445. Suppose -2204 - q = -3*l. What is the hundreds digit of l?
7
Suppose -2*f = -v + 63, -2*v + 3*f = f - 116. Let r = v + -50. Suppose 2*y = 3*w - 227, 2*w - 158 = -0*y + r*y. What is the units digit of w?
3
Let f = 186 - 173. Suppose -6*m - 1778 = -f*m. What is the units digit of m?
4
Let r be 12/(-9) + (1 - 210/(-9)). Suppose -29*i + 4206 = -r*i. Suppose -i = -11*k + 344. What is the tens digit of k?
9
Let a be 10*(-4)/(-10) - -5. Let n(v) = v**2 - 8*v - 21. Let p be n(a). Let l = p - -92. What is the units digit of l?
0
Let i be (-1925)/(-6) - (-8 - 564/(-72)). Let k = i - 177. What is the tens digit of k?
4
Let b(o) = 13*o**2 - 7*o - 9. Let n(a) = 12*a**2 - 6*a - 9. Let v(w) = -2*b(w) + 3*n(w). Let t be ((-32)/(-12) + -4)*3. What is the units digit of v(t)?
7
Let t(u) = -344*u**2 + 11*u - 29. Let j be t(2). Let a = -649 - j. What is the units digit of a?
4
Let k(t) = 4*t**2 - 9*t - 6. Let d be k(3). Suppose -3 = -d*a, -3*o = 3*a + 61 + 2. Let j = 34 + o. What is the units digit of j?
2
Suppose -3*y + 896 = 5*x - 150, 0 = -3*x - 3*y + 624. Let z = 768 - x. What is the hundreds digit of z?
5
Suppose 123581 = 47*u - 5*u - 27157. What is the tens digit of u?
8
What is the hundreds digit of (10/4)/(29882/(-269208) + (-127)/(-1143))?
4
Let v(k) = 37*k**2 + 3*k + 77. Let j be v(-8). Suppose 0 = -3*n + 3*r + j, -6*r + 2381 = 3*n - r. What is the units digit of n?
2
Suppose 5*u - l + 267 = 1730, -4*u - 4*l = -1180. Suppose 292*d + 856 = u*d. What is the units digit of d?
6
Suppose 5*l - 45 = -3*z, -4 = -4*l + 8. Suppose -z*d + 3*d = -2961. Suppose 2*r - b - d = 2*b, 4*b = 5*r - 1075. What is the hundreds digit of r?
2
Let q(z) = z**2. Let s be q(4). What is the hundreds digit of (-8)/s - 3/(12/(-1534))?
3
Let o(z) = -4*z**2 + 526*z - 18. What is the tens digit of o(81)?
4
What is the thousands digit of -7 + -4*4/16 - 1*-19559?
9
Suppose 0 = 167*y - 161*y - 84. Let k = 217 + y. What is the units digit of k?
1
Suppose -3*y = 4*y + y. What is the tens digit of y + 24/4 + 770?
7
Let b be 2/(399/(-402) - -1). Suppose 27 + b = k. What is the units digit of k?
5
Let h be -1 + 13 + 4 - 6/3. Suppose -h*l + 5030 - 1012 = 0. What is the units digit of l?
7
Let d(s) = 6*s**2 - 143*s - 2257. What is the tens digit of d(136)?
7
Suppose -70*f + 45*f + 30625 = 0. What is the tens digit of f?
2
Suppose -4*o - 4*f = -70556, -37*o - 35272 = -39*o + 4*f. What is the hundreds digit of o?
6
Suppose -58 - 17 = 5*s. Let a be ((-670)/s)/(4/18). Suppose -d = -3*i + 287, 5*i - 5*d - 284 - a = 0. What is the tens digit of i?
9
Let z(c) = 6*c**2 + c. Let l be z(-2). Let y be l/(-55) - 184/(-10). What is the units digit of (110/3)/(6/y)?
0
Let u(a) = a**3 - a + 1358. Let c be u(0). Suppose -4*t - 3*b = -900, 4*t - 4*b + 486 - c = 0. What is the units digit of (18/12)/(3/t)?
1
Let y = 3085 - -267. What is the thousands digit of y?
3
Suppose -p = 5*y - 54, 0 = p - 2*p + 5*y + 14. Let z be (-24)/(-9)*(-117)/(-2). Let n = z + p. What is the hundreds digit of n?
1
Suppose 26772 = 4*s - 23008. Suppose 16*y = 435 + s. What is the hundreds digit of y?
8
Let b = 12404 + 16343. What is the hundreds digit of b?
7
Let s be -54*(-10)/4 + 1. Let u = 314 + -359. Let m = u + s. What is the tens digit of m?
9
Suppose -2*w - w - 2*d + 19 = 0, -w - d = -7. Suppose w*a - 48 = -y, 2*y = -3*a + 5*a + 96. What is the units digit of y?
8
Let z be -3*55/30*-116. Suppose 4*o - z = 2*o + 4*v, 5*v + 1600 = 5*o. Suppose 5*l = 5*h - 81 + o, 3*l = 4*h + 139. What is the units digit of l?
3
Let c(i) = 13324*i - 1191. What is the tens digit of c(4)?
0
Suppose 12*j = 17*j - 75. Suppose 0 = 8*h - j - 153. Suppose h*v - 200 = 16*v. What is the tens digit of v?
4
Suppose j + 18 - 10 = 0. What is the tens digit of ((-2)/j)/(12/49008)?
2
Let x(v) be the first derivative of -v**5/5 - v**4/2 - 14*v**3/3 + 13. Let p(h) be the third derivative of x(h). What is the tens digit of p(-7)?
5
Let z be 28/6 - (-8)/24. Suppose -6*y + 2*y = 4, 5*y = -5*u - 15. Let v = u + z. What is the units digit of v?
3
Let s = -16208 + 36745. What is the ten thousands digit of s?
2
Let z(f) = 12951*f - 469. What is the tens digit of z(3)?
8
What is the thousands digit of 2/22 + 2108713/341?
6
Let f = -57 - -111. Let o = -52 + f. Suppose -2*b + 19 = -t, -o*t + 1 = -3*t. What is the units digit of b?
9
Suppose -11592 = -4*s + 9052. What is the hundreds digit of s?
1
What is the hundreds digit of (-74*((-270)/(-12))/9)/(10/(-250))?
6
Suppose h - 5*f = 1313, -4*h + 10*f + 5300 = 6*f. What is the thousands digit of h?
1
Let i be (-8)/28*(-8 - 6). Suppose i*j = -5*c + 1090, -3*c - j = -5*c + 449. What is the units digit of c?
2
Let p(q) = 4*q - 1. Let g be p(2). Let i be 12*6/(7 - -11). Suppose g*d + s - 346 = i*d, 122 = d - 3*s. What is the units digit of d?
6
Suppose -4*c - o = -6481, -5742 = -3*c - 5*o - 894. Let m = -700 + c. What is the tens digit of m?
2
Let h = -58 + 60. Let n(q) = -1 + 10 + q + h + 1. What is the units digit of n(10)?
2
What is the units digit of 19 + 6287294/234 - 1/(18/(-4))?
8
Suppose -4*b + 1543 = 2*v - 2863, -b + v = -1097. Suppose 5*d = -4*s + 1145, 5*s + b = -d + 6*d. Suppose d = 2*y - y. What is the units digit of y?
5
Let c(v) = v - 6. Let d be c(0). Let u(r) = -4735*r + 2379*r - 11 + 2366*r + 6*r**2. What is the hundreds digit of u(d)?
1
Let b = 27 - 27. Suppose 0 = 5*g - 5*t - 2510, 2*g + 0*g - 3*t - 1002 = b. What is the hundreds digit of g?
5
Suppose 2*v - 4*j + 24 = 0, 0 = -2*v + 7*v - 4*j + 54. Let b be 60/(-48) - (-9)/4. What is the units digit of (-876)/v + (-8)/(-20)*b?
8
What is the units digit of (-1)/3*(252 - 39111)?
3
Let h(w) = -6*w + 23*w**2 - 13*w - 3*w + 5403*w**3 - 5404*w**3 + 40. What is the thousands digit of h(15)?
1
Suppose 674 = -16*x - 798. What is the tens digit of x/(-6)*(5 - (-210)/12)?
4
Let a(y) = y**2 + 6*y + 3. Let h be a(-6). Suppose 0*p + 1422 = h*k + p, -3*p = k - 474. What is the units digit of k?
4
Let v(y) = 195 + 11*y**2 + 184 + 13*y - 394. What is the tens digit of v(6)?
5
Let t be (6 - 2)/(-8) - 23/2. Let g = -7 - t. Suppose j - y - 120 = -17, -g*j + 508 = 2*y. What is the hundreds digit of j?
1
Let g(z) be the first derivative of -z**2 + 32*z - 28. Let i be g(14). Suppose -4*b - 438 = -2*f, 0 = -2*f - i*b + 360 + 102. What is the hundreds digit of f?
2
Let o(g) = g**3 + 7*g**2 + 6. Let s be o(-7). Suppose w + 7591 = 5*t, t + 5*w + 7595 = s*t. Suppose -6*v - 300 = -t. What is the units digit of v?
3
Suppose 119382 - 459421 = -202*k + 370395. What is the units digit of k?
7
What is the hundreds digit of (33/121*22)/((-2)/(-13018))?
0
Suppose -2*n + 19 = 15. Suppose n*k - 8*k - 990 = 0. What is the tens digit of (-2)/(-1 + k/(-170))?
6
Let k be -4 - (12/(-4) - 2). Suppose -3*s - d - 5 = 0, -k = d + 1. What is the hundreds digit of (-3 - (s - 3 - 2)) + 125?
1
Let k = 63600 + -39769. What is the ten thousands digit of k?
2
Suppose 147*h - 2543573 + 999191 = 0. What is the ten thousands digit of h?
1
Suppose -2*i + 30 = -4*y, -107*y + 102*y - 24 = -i. Let h be ((-11)/2)/(1/(-2)). Suppose -h*w = -i*w - 332. What is the units digit of w?
6
Let n be ((-3)/4)/(2 - 68/32). Suppose -n*u + 7 = -23. Suppose 0*d - 690 = -u*d. What is the tens digit of d?
3
Let s(v) = 187*v**2 - 94*v - 488. What is the tens digit of s(-5)?
5
What is the thousands digit of (4532 - 14) + 7 - 5?
4
Let a(q) = 97*q**3 + 81*q**2 - 22. What is the ten thousands digit of a(7)?
3
What is the ten thousands digit of (30/18 - 14/12)/((-8)/(-717632))?
4
Let p(m) = 4*m + 36. Let z(i) = -i**3 - 3*i**2 + 3*i - 12. Let g be z(-4). Let w be p(g). What is the units digit of 146/w*(2 + 2)?
6
Let l(x) = 127*x**2 + 56*x - 326. What is the hundreds digit of l(6)?
5
Suppose 2*x - 6 + 14 = 0, -2*x - 32 = -2*p. Suppose -2*i = i + p, -f + i = -712. What is the tens digit of f?
0
Suppose 155*h + 50308 = 4*l + 160*h, 0 = -5*l + 3*h + 62885. What is the tens digit of l?
7
Suppose 0 = 16*u - 5*u - 25993. Let b = u + -528. What is the thousands digit of b?
1
Let z be (12/18)/(2*(-3)/(-18)). Let v(j) = j**2 + j**3 - 2*j**2 + j**z + 3*j**2 - 4 - j. What is the tens digit of v(3)?
4
Suppose 9*n = 38*n + 87. What is th